TRUNCATE TABLE `oc_bm_category`;

INSERT INTO `oc_bm_category` (`category_id`, `parent_id`, `sort_order`, `image`, `status`, `date_added`, `date_modified`) VALUES ('1', '0', '1', 'catalog/d_blog_module/category/Photo_blog_17.jpg', '1', '2016-04-09 11:28:15', '2016-04-18 18:16:48');
INSERT INTO `oc_bm_category` (`category_id`, `parent_id`, `sort_order`, `image`, `status`, `date_added`, `date_modified`) VALUES ('2', '1', '1', 'catalog/d_blog_module/category/Photo_blog_16.jpg', '1', '2016-04-14 11:48:47', '2016-04-15 08:30:35');
INSERT INTO `oc_bm_category` (`category_id`, `parent_id`, `sort_order`, `image`, `status`, `date_added`, `date_modified`) VALUES ('3', '1', '1', 'catalog/d_blog_module/category/Photo_blog_13.jpg', '1', '2016-04-14 11:49:10', '2016-04-15 08:29:54');
INSERT INTO `oc_bm_category` (`category_id`, `parent_id`, `sort_order`, `image`, `status`, `date_added`, `date_modified`) VALUES ('4', '1', '1', 'catalog/d_blog_module/category/Photo_blog_14.jpg', '1', '2016-04-14 13:33:15', '2016-04-15 08:30:54');
INSERT INTO `oc_bm_category` (`category_id`, `parent_id`, `sort_order`, `image`, `status`, `date_added`, `date_modified`) VALUES ('5', '1', '1', 'catalog/d_blog_module/category/Photo_blog_11.jpg', '1', '2016-04-14 13:34:30', '2016-04-14 13:56:13');
INSERT INTO `oc_bm_category` (`category_id`, `parent_id`, `sort_order`, `image`, `status`, `date_added`, `date_modified`) VALUES ('6', '1', '1', 'catalog/d_blog_module/category/Photo_blog_15.jpg', '1', '2016-04-14 13:50:33', '2016-04-15 08:31:08');
INSERT INTO `oc_bm_category` (`category_id`, `parent_id`, `sort_order`, `image`, `status`, `date_added`, `date_modified`) VALUES ('7', '1', '1', 'catalog/d_blog_module/category/Photo_blog_12.jpg', '1', '2016-04-14 13:52:36', '2016-04-15 08:30:19');


TRUNCATE TABLE `oc_bm_category_description`;

INSERT INTO `oc_bm_category_description` (`category_description_id`, `category_id`, `language_id`, `title`, `short_description`, `description`, `meta_title`, `meta_keyword`, `meta_description`) VALUES ('1', '1', '1', 'Blog', 'Lorem ipsum dolor sit amet, justo aliquid reformidans ea vel, vim porro dictas et, ut elit partem invidunt vis. Saepe melius complectitur eum ea. Zril delenit vis ut. His suavitate rationibus in, tale discere ceteros eu nec. Vel ut utamur laoreet vituperata, in discere contentiones definitionem ius.', '&lt;p&gt;Lorem ipsum dolor sit amet, an eleifend intellegat cum, ei amet tota modus nec. Vix ut veniam placerat, an nam amet legere consequat, vix nulla labores ne. Eam invidunt imperdiet persecuti ne, et mel aperiri feugait, in alterum facilisi mel. Et ullum scripserit usu, has ullum offendit ut. An feugait expetendis has.&lt;br&gt;&lt;/p&gt;', 'Jeans', '', 'Lorem ipsum dolor sit amet, an eleifend intellegat cum, ei amet tota modus nec. Vix ut veniam placerat, an nam amet legere consequat, vix nulla labores ne. Eam invidunt imperdiet persecuti ne, et mel aperiri feugait, in alterum facilisi mel. Et ullum scripserit usu, has ullum offendit ut. An feugait expetendis has.');
INSERT INTO `oc_bm_category_description` (`category_description_id`, `category_id`, `language_id`, `title`, `short_description`, `description`, `meta_title`, `meta_keyword`, `meta_description`) VALUES ('2', '2', '1', 'Jeans', 'Lorem ipsum dolor sit amet, justo aliquid reformidans ea vel, vim porro dictas et, ut elit partem invidunt vis. Saepe melius complectitur eum ea. Zril delenit vis ut. His suavitate rationibus in, tale discere ceteros eu nec. Vel ut utamur laoreet vituperata, in discere contentiones definitionem ius.', '&lt;p&gt;Lorem ipsum dolor sit amet, an eleifend intellegat cum, ei amet tota modus nec. Vix ut veniam placerat, an nam amet legere consequat, vix nulla labores ne. Eam invidunt imperdiet persecuti ne, et mel aperiri feugait, in alterum facilisi mel. Et ullum scripserit usu, has ullum offendit ut. An feugait expetendis has.&lt;br&gt;&lt;/p&gt;', 'Jeans', '', 'Lorem ipsum dolor sit amet, an eleifend intellegat cum, ei amet tota modus nec. Vix ut veniam placerat, an nam amet legere consequat, vix nulla labores ne. Eam invidunt imperdiet persecuti ne, et mel aperiri feugait, in alterum facilisi mel. Et ullum scripserit usu, has ullum offendit ut. An feugait expetendis has.');
INSERT INTO `oc_bm_category_description` (`category_description_id`, `category_id`, `language_id`, `title`, `short_description`, `description`, `meta_title`, `meta_keyword`, `meta_description`) VALUES ('3', '3', '1', 'Bags', 'Lorem ipsum dolor sit amet, justo aliquid reformidans ea vel, vim porro dictas et, ut elit partem invidunt vis. Saepe melius complectitur eum ea. Zril delenit vis ut. His suavitate rationibus in, tale discere ceteros eu nec. Vel ut utamur laoreet vituperata, in discere contentiones definitionem ius.', '&lt;p&gt;Lorem ipsum dolor sit amet, an eleifend intellegat cum, ei amet tota modus nec. Vix ut veniam placerat, an nam amet legere consequat, vix nulla labores ne. Eam invidunt imperdiet persecuti ne, et mel aperiri feugait, in alterum facilisi mel. Et ullum scripserit usu, has ullum offendit ut. An feugait expetendis has.&lt;br&gt;&lt;/p&gt;', 'Bags', '', 'Lorem ipsum dolor sit amet, an eleifend intellegat cum, ei amet tota modus nec. Vix ut veniam placerat, an nam amet legere consequat, vix nulla labores ne. Eam invidunt imperdiet persecuti ne, et mel aperiri feugait, in alterum facilisi mel. Et ullum scripserit usu, has ullum offendit ut. An feugait expetendis has.');
INSERT INTO `oc_bm_category_description` (`category_description_id`, `category_id`, `language_id`, `title`, `short_description`, `description`, `meta_title`, `meta_keyword`, `meta_description`) VALUES ('4', '4', '1', 'Shoes', 'Lorem ipsum dolor sit amet, justo aliquid reformidans ea vel, vim porro dictas et, ut elit partem invidunt vis. Saepe melius complectitur eum ea. Zril delenit vis ut. His suavitate rationibus in, tale discere ceteros eu nec. Vel ut utamur laoreet vituperata, in discere contentiones definitionem ius.', '&lt;p&gt;Lorem ipsum dolor sit amet, an eleifend intellegat cum, ei amet tota modus nec. Vix ut veniam placerat, an nam amet legere consequat, vix nulla labores ne. Eam invidunt imperdiet persecuti ne, et mel aperiri feugait, in alterum facilisi mel. Et ullum scripserit usu, has ullum offendit ut. An feugait expetendis has.&lt;br&gt;&lt;/p&gt;', 'Shoes', '', 'Lorem ipsum dolor sit amet, an eleifend intellegat cum, ei amet tota modus nec. Vix ut veniam placerat, an nam amet legere consequat, vix nulla labores ne. Eam invidunt imperdiet persecuti ne, et mel aperiri feugait, in alterum facilisi mel. Et ullum scripserit usu, has ullum offendit ut. An feugait expetendis has.');
INSERT INTO `oc_bm_category_description` (`category_description_id`, `category_id`, `language_id`, `title`, `short_description`, `description`, `meta_title`, `meta_keyword`, `meta_description`) VALUES ('5', '5', '1', 'Accessories', 'Lorem ipsum dolor sit amet, justo aliquid reformidans ea vel, vim porro dictas et, ut elit partem invidunt vis. Saepe melius complectitur eum ea. Zril delenit vis ut. His suavitate rationibus in, tale discere ceteros eu nec. Vel ut utamur laoreet vituperata, in discere contentiones definitionem ius.', '&lt;p&gt;Tincidunt dissentiet adversarium eu mei. Per assum soluta iudicabit no, ne mei congue alterum theophrastus, eam ei tale accusamus laboramus. Elit platonem vix ex. Nostrum instructior eam ea, ius posse deserunt sapientem ad, iriure gubergren eu mei. Modus meliore pertinacia usu te, eos viris cetero laoreet cu. Quo laudem apeirian euripidis cu.&lt;br&gt;&lt;/p&gt;', 'Accessories', '', 'Tincidunt dissentiet adversarium eu mei. Per assum soluta iudicabit no, ne mei congue alterum theophrastus, eam ei tale accusamus laboramus. Elit platonem vix ex. Nostrum instructior eam ea, ius posse deserunt sapientem ad, iriure gubergren eu mei. Modus meliore pertinacia usu te, eos viris cetero laoreet cu. Quo laudem apeirian euripidis cu.');
INSERT INTO `oc_bm_category_description` (`category_description_id`, `category_id`, `language_id`, `title`, `short_description`, `description`, `meta_title`, `meta_keyword`, `meta_description`) VALUES ('6', '6', '1', 'Sport', 'Lorem ipsum dolor sit amet, justo aliquid reformidans ea vel, vim porro dictas et, ut elit partem invidunt vis. Saepe melius complectitur eum ea. Zril delenit vis ut. His suavitate rationibus in, tale discere ceteros eu nec. Vel ut utamur laoreet vituperata, in discere contentiones definitionem ius.', '&lt;p&gt;Exerci conceptam an pri. Mei id dicant commune legendos, ullum augue prodesset vim id. Nam sale euismod ut, eos ut agam meis comprehensam, an mel harum tamquam intellegam. In eius putent facilis nec, pro probo temporibus ei, falli fuisset sea ad. No his doming erroribus, ex alii atomorum neglegentur est, ea eam erat illum.&lt;br&gt;&lt;/p&gt;', 'Sport', '', 'Exerci conceptam an pri. Mei id dicant commune legendos, ullum augue prodesset vim id. Nam sale euismod ut, eos ut agam meis comprehensam, an mel harum tamquam intellegam. In eius putent facilis nec, pro probo temporibus ei, falli fuisset sea ad. No his doming erroribus, ex alii atomorum neglegentur est, ea eam erat illum.');
INSERT INTO `oc_bm_category_description` (`category_description_id`, `category_id`, `language_id`, `title`, `short_description`, `description`, `meta_title`, `meta_keyword`, `meta_description`) VALUES ('7', '7', '1', 'Beauty', 'Lorem ipsum dolor sit amet, justo aliquid reformidans ea vel, vim porro dictas et, ut elit partem invidunt vis. Saepe melius complectitur eum ea. Zril delenit vis ut. His suavitate rationibus in, tale discere ceteros eu nec. Vel ut utamur laoreet vituperata, in discere contentiones definitionem ius.', '&lt;p&gt;Exerci conceptam an pri. Mei id dicant commune legendos, ullum augue prodesset vim id. Nam sale euismod ut, eos ut agam meis comprehensam, an mel harum tamquam intellegam. In eius putent facilis nec, pro probo temporibus ei, falli fuisset sea ad. No his doming erroribus, ex alii atomorum neglegentur est, ea eam erat illum.&lt;br&gt;&lt;/p&gt;', 'Beauty', '', 'Exerci conceptam an pri. Mei id dicant commune legendos, ullum augue prodesset vim id. Nam sale euismod ut, eos ut agam meis comprehensam, an mel harum tamquam intellegam. In eius putent facilis nec, pro probo temporibus ei, falli fuisset sea ad. No his doming erroribus, ex alii atomorum neglegentur est, ea eam erat illum.');


TRUNCATE TABLE `oc_bm_category_path`;

INSERT INTO `oc_bm_category_path` (`category_id`, `path_id`, `level`) VALUES ('1', '1', '0');
INSERT INTO `oc_bm_category_path` (`category_id`, `path_id`, `level`) VALUES ('2', '1', '0');
INSERT INTO `oc_bm_category_path` (`category_id`, `path_id`, `level`) VALUES ('2', '2', '1');
INSERT INTO `oc_bm_category_path` (`category_id`, `path_id`, `level`) VALUES ('3', '1', '0');
INSERT INTO `oc_bm_category_path` (`category_id`, `path_id`, `level`) VALUES ('3', '3', '1');
INSERT INTO `oc_bm_category_path` (`category_id`, `path_id`, `level`) VALUES ('4', '4', '1');
INSERT INTO `oc_bm_category_path` (`category_id`, `path_id`, `level`) VALUES ('5', '5', '1');
INSERT INTO `oc_bm_category_path` (`category_id`, `path_id`, `level`) VALUES ('4', '1', '0');
INSERT INTO `oc_bm_category_path` (`category_id`, `path_id`, `level`) VALUES ('5', '1', '0');
INSERT INTO `oc_bm_category_path` (`category_id`, `path_id`, `level`) VALUES ('6', '1', '0');
INSERT INTO `oc_bm_category_path` (`category_id`, `path_id`, `level`) VALUES ('6', '6', '1');
INSERT INTO `oc_bm_category_path` (`category_id`, `path_id`, `level`) VALUES ('7', '7', '1');
INSERT INTO `oc_bm_category_path` (`category_id`, `path_id`, `level`) VALUES ('7', '1', '0');


TRUNCATE TABLE `oc_bm_category_to_layout`;

INSERT INTO `oc_bm_category_to_layout` (`category_id`, `store_id`, `layout_id`) VALUES ('1', '0', '0');
INSERT INTO `oc_bm_category_to_layout` (`category_id`, `store_id`, `layout_id`) VALUES ('3', '0', '0');
INSERT INTO `oc_bm_category_to_layout` (`category_id`, `store_id`, `layout_id`) VALUES ('2', '0', '0');
INSERT INTO `oc_bm_category_to_layout` (`category_id`, `store_id`, `layout_id`) VALUES ('4', '0', '0');
INSERT INTO `oc_bm_category_to_layout` (`category_id`, `store_id`, `layout_id`) VALUES ('5', '0', '0');
INSERT INTO `oc_bm_category_to_layout` (`category_id`, `store_id`, `layout_id`) VALUES ('7', '0', '0');
INSERT INTO `oc_bm_category_to_layout` (`category_id`, `store_id`, `layout_id`) VALUES ('6', '0', '0');


TRUNCATE TABLE `oc_bm_category_to_store`;

INSERT INTO `oc_bm_category_to_store` (`category_id`, `store_id`) VALUES ('1', '0');
INSERT INTO `oc_bm_category_to_store` (`category_id`, `store_id`) VALUES ('2', '0');
INSERT INTO `oc_bm_category_to_store` (`category_id`, `store_id`) VALUES ('3', '0');
INSERT INTO `oc_bm_category_to_store` (`category_id`, `store_id`) VALUES ('4', '0');
INSERT INTO `oc_bm_category_to_store` (`category_id`, `store_id`) VALUES ('5', '0');
INSERT INTO `oc_bm_category_to_store` (`category_id`, `store_id`) VALUES ('6', '0');
INSERT INTO `oc_bm_category_to_store` (`category_id`, `store_id`) VALUES ('7', '0');


TRUNCATE TABLE `oc_bm_post`;

INSERT INTO `oc_bm_post` (`post_id`, `user_id`, `image`, `images_review`, `review_display`, `viewed`, `status`, `date_added`, `date_modified`, `date_published`) VALUES ('1', '1', 'catalog/d_blog_module/post/Photo_blog_6.jpg', '0', '0', '183', '1', '2016-04-13 11:00:05', '2016-04-27 19:09:25', '2016-04-24 00:00:00');
INSERT INTO `oc_bm_post` (`post_id`, `user_id`, `image`, `images_review`, `review_display`, `viewed`, `status`, `date_added`, `date_modified`, `date_published`) VALUES ('2', '1', 'catalog/d_blog_module/post/Photo_blog_3.jpg', '0', '0', '22', '1', '2016-04-13 11:15:37', '2016-04-27 19:08:17', '2016-04-23 00:00:00');
INSERT INTO `oc_bm_post` (`post_id`, `user_id`, `image`, `images_review`, `review_display`, `viewed`, `status`, `date_added`, `date_modified`, `date_published`) VALUES ('3', '1', 'catalog/d_blog_module/post/Photo_blog_8.jpg', '0', '0', '15', '1', '2016-04-13 11:24:30', '2016-04-27 19:10:06', '2016-04-23 00:00:00');
INSERT INTO `oc_bm_post` (`post_id`, `user_id`, `image`, `images_review`, `review_display`, `viewed`, `status`, `date_added`, `date_modified`, `date_published`) VALUES ('4', '1', 'catalog/d_blog_module/post/Photo_blog_2.jpg', '0', '0', '13', '1', '2016-04-13 11:27:08', '2016-04-27 19:08:54', '2016-04-23 00:00:00');
INSERT INTO `oc_bm_post` (`post_id`, `user_id`, `image`, `images_review`, `review_display`, `viewed`, `status`, `date_added`, `date_modified`, `date_published`) VALUES ('5', '1', 'catalog/d_blog_module/post/Photo_blog_1.jpg', '0', '0', '37', '1', '2016-04-13 11:32:03', '2016-04-27 19:08:33', '2016-04-26 00:00:00');
INSERT INTO `oc_bm_post` (`post_id`, `user_id`, `image`, `images_review`, `review_display`, `viewed`, `status`, `date_added`, `date_modified`, `date_published`) VALUES ('6', '1', 'catalog/d_blog_module/post/Photo_blog_4.jpg', '0', '0', '10', '1', '2016-04-13 11:35:22', '2016-04-27 19:10:21', '2016-04-24 00:00:00');
INSERT INTO `oc_bm_post` (`post_id`, `user_id`, `image`, `images_review`, `review_display`, `viewed`, `status`, `date_added`, `date_modified`, `date_published`) VALUES ('7', '1', 'catalog/d_blog_module/post/Photo_blog_5.jpg', '0', '0', '10', '1', '2016-04-13 11:37:01', '2016-04-27 19:09:17', '2016-04-12 00:00:00');
INSERT INTO `oc_bm_post` (`post_id`, `user_id`, `image`, `images_review`, `review_display`, `viewed`, `status`, `date_added`, `date_modified`, `date_published`) VALUES ('8', '1', 'catalog/d_blog_module/post/Photo_blog_10.jpg', '0', '0', '14', '1', '2016-04-13 11:38:46', '2016-04-27 18:29:00', '2016-04-23 00:00:00');
INSERT INTO `oc_bm_post` (`post_id`, `user_id`, `image`, `images_review`, `review_display`, `viewed`, `status`, `date_added`, `date_modified`, `date_published`) VALUES ('9', '1', 'catalog/d_blog_module/post/Photo_blog_7.jpg', '0', '0', '122', '1', '2016-04-13 11:40:51', '2016-04-27 19:09:53', '2016-04-22 00:00:00');
INSERT INTO `oc_bm_post` (`post_id`, `user_id`, `image`, `images_review`, `review_display`, `viewed`, `status`, `date_added`, `date_modified`, `date_published`) VALUES ('10', '1', 'catalog/d_blog_module/post/Photo_blog_9.jpg', '0', '1', '148', '1', '2016-04-17 11:42:08', '2016-04-27 19:08:06', '2016-03-16 00:00:00');


TRUNCATE TABLE `oc_bm_post_description`;

INSERT INTO `oc_bm_post_description` (`post_description_id`, `post_id`, `language_id`, `title`, `short_description`, `description`, `meta_title`, `meta_description`, `meta_keyword`, `tag`) VALUES ('127', '9', '1', 'Shopping day', 'Lorem ipsum dolor sit amet, justo aliquid reformidans ea vel, vim porro dictas et, ut elit partem invidunt vis. Saepe melius complectitur eum ea. Zril delenit vis ut. His suavitate rationibus in, tale discere ceteros eu nec. Vel ut utamur laoreet vituperata, in discere contentiones definitionem ius.', '&lt;p&gt;Lorem ipsum dolor sit amet, justo aliquid reformidans ea vel, vim porro dictas et, ut elit partem invidunt vis. Saepe melius complectitur eum ea. Zril delenit vis ut. His suavitate rationibus in, tale discere ceteros eu nec. Vel ut utamur laoreet vituperata, in discere contentiones definitionem ius.&lt;/p&gt;&lt;p&gt;Lorem Ipsum has been the industry\'s standard dummy text ever since the 1500s, when an unknown printer took a galley of type and scrambled it to make a type specimen book. It has survived not only five centuries, but also the leap into electronic typesetting, remaining essentially unchanged. It was popularised in the 1960s with the release of Letraset sheets containing Lorem Ipsum passages, and more recently with desktop publishing software like Aldus PageMaker including versions of Lorem Ipsum.&lt;/p&gt;&lt;p&gt;It is a long established fact that a reader will be distracted by the readable content of a page when looking at its layout. The point of using Lorem Ipsum is that it has a more-or-less normal distribution of letters, as opposed to using \'Content here, content here\', making it look like readable English. Many desktop publishing packages and web page editors now use Lorem Ipsum as their default model text, and a search for \'lorem ipsum\' will uncover many web sites still in their infancy. Various versions have evolved over the years, sometimes by accident, sometimes on purpose (injected humour and the like).&lt;/p&gt;&lt;p&gt;&lt;br&gt;&lt;/p&gt;', 'Shopping day', '', '', 'vocation,look,summer');
INSERT INTO `oc_bm_post_description` (`post_description_id`, `post_id`, `language_id`, `title`, `short_description`, `description`, `meta_title`, `meta_description`, `meta_keyword`, `tag`) VALUES ('125', '1', '1', 'My latest adventure', 'Vivamus efficitur libero quis arcu gravida, porttitor fermentum sapien suscipit. Nullam mattis, felis ut vehicula malesuada, nulla velit maximus velit, imperdiet tempus felis urna consequat mauris. Fusce et sollicitudin felis. In pulvinar ante eu arcu placerat mattis. Nunc quis aliquet augue.', '\t\t\r\n&lt;p&gt;The purpose of this HTML is to help determine what default settings are with CSS and to make sure that all possible HTML Elements are included in this HTML so as to not miss any possible Elements when designing a site.&lt;br&gt;&lt;/p&gt;\r\n&lt;hr&gt;\r\n&lt;h1&gt;Heading 1&lt;/h1&gt;\r\n&lt;h2&gt;Heading 2&lt;/h2&gt;\r\n&lt;h3&gt;Heading 3&lt;/h3&gt;\r\n&lt;h4&gt;Heading 4&lt;/h4&gt;\r\n&lt;h5&gt;Heading 5&lt;/h5&gt;\r\n&lt;h6&gt;Heading 6&lt;/h6&gt;\r\n&lt;p&gt;&lt;br&gt;&lt;/p&gt;\r\n&lt;hr&gt;\r\n&lt;h2 id=&quot;paragraph&quot;&gt;Paragraph&lt;/h2&gt;\r\n&lt;p&gt;Lorem ipsum dolor sit amet, &lt;a href=&quot;#&quot; title=&quot;test link&quot;&gt;test link&lt;/a&gt; adipiscing elit. Nullam dignissim convallis est. Quisque aliquam. Donec faucibus. Nunc iaculis suscipit dui. Nam sit amet sem. Aliquam libero nisi, imperdiet at, tincidunt nec, gravida vehicula, nisl. Praesent mattis, massa quis luctus fermentum, turpis mi volutpat justo, eu volutpat enim diam eget metus. Maecenas ornare tortor. Donec sed tellus eget sapien fringilla nonummy. Mauris a ante. Suspendisse quam sem, consequat at, commodo vitae, feugiat in, nunc. Morbi imperdiet augue quis tellus.&lt;/p&gt;\r\n&lt;p&gt;Lorem ipsum dolor sit amet, &lt;em&gt;emphasis&lt;/em&gt; consectetuer adipiscing elit. Nullam dignissim convallis est. Quisque aliquam. Donec faucibus. Nunc iaculis suscipit dui. Nam sit amet sem. Aliquam libero nisi, imperdiet at, tincidunt nec, gravida vehicula, nisl. Praesent mattis, massa quis luctus fermentum, turpis mi volutpat justo, eu volutpat enim diam eget metus. Maecenas ornare tortor. Donec sed tellus eget sapien fringilla nonummy. Mauris a ante. Suspendisse quam sem, consequat at, commodo vitae, feugiat in, nunc. Morbi imperdiet augue quis tellus.&lt;/p&gt;\r\n&lt;p&gt;&lt;br&gt;&lt;/p&gt;\r\n&lt;hr&gt;\r\n&lt;h2 id=&quot;list_types&quot;&gt;List Types&lt;/h2&gt;\r\n&lt;h3&gt;Definition List&lt;/h3&gt;\r\n&lt;dl&gt;\r\n&lt;dt&gt;Definition List Title&lt;/dt&gt;\r\n&lt;dd&gt;This is a definition list division.&lt;/dd&gt;\r\n&lt;/dl&gt;\r\n&lt;h3&gt;Ordered List&lt;/h3&gt;\r\n&lt;ol&gt;\r\n&lt;li&gt;List Item 1&lt;/li&gt;\r\n&lt;li&gt;List Item 2&lt;/li&gt;\r\n&lt;li&gt;List Item 3&lt;/li&gt;\r\n&lt;/ol&gt;\r\n&lt;h3&gt;Unordered List&lt;/h3&gt;\r\n&lt;ul&gt;\r\n&lt;li&gt;List Item 1&lt;/li&gt;\r\n&lt;li&gt;List Item 2&lt;/li&gt;\r\n&lt;li&gt;List Item 3&lt;/li&gt;\r\n&lt;/ul&gt;\r\n&lt;p&gt;&lt;br&gt;&lt;/p&gt;\r\n&lt;hr&gt;\r\n&lt;h2 id=&quot;form_elements&quot;&gt;Forms&lt;/h2&gt;\r\n&lt;fieldset&gt;\r\n&lt;legend&gt;Legend&lt;/legend&gt;\r\n&lt;p&gt;Lorem ipsum dolor sit amet, consectetuer adipiscing elit. Nullam dignissim convallis est. Quisque aliquam. Donec faucibus. Nunc iaculis suscipit dui. Nam sit amet sem. Aliquam libero nisi, imperdiet at, tincidunt nec, gravida vehicula, nisl. Praesent mattis, massa quis luctus fermentum, turpis mi volutpat justo, eu volutpat enim diam eget metus.&lt;/p&gt;\r\n\r\n&lt;h2&gt;&lt;br&gt;&lt;/h2&gt;&lt;h2&gt;Image&lt;/h2&gt;\r\n&lt;p&gt;Lorem ipsum dolor sit amet, consectetuer adipiscing elit. Nullam dignissim convallis est. Quisque aliquam. Donec faucibus. Nunc iaculis suscipit dui.&lt;/p&gt;&lt;p&gt;&lt;br&gt;&lt;/p&gt;&lt;p&gt;&lt;img src=&quot;https://opencart.dreamvention.com/220/d_blog_module/image/cache/catalog/d_blog_module/post/Photo_blog_3-1400x875.jpg&quot; class=&quot;img-responsive&quot;&gt;&lt;br&gt;&lt;/p&gt;&lt;/fieldset&gt;\r\n&lt;hr&gt;\r\n&lt;h2 id=&quot;tables&quot;&gt;Tables&lt;/h2&gt;\r\n&lt;table class=&quot;table table-bordered&quot;&gt;\r\n&lt;tbody&gt;&lt;tr&gt;\r\n&lt;th&gt;Table Header 1&lt;/th&gt;\r\n&lt;th&gt;Table Header 2&lt;/th&gt;\r\n&lt;th&gt;Table Header 3&lt;/th&gt;\r\n&lt;/tr&gt;\r\n&lt;tr&gt;\r\n&lt;td&gt;Division 1&lt;/td&gt;\r\n&lt;td&gt;Division 2&lt;/td&gt;\r\n&lt;td&gt;Division 3&lt;/td&gt;\r\n&lt;/tr&gt;\r\n&lt;tr class=&quot;even&quot;&gt;\r\n&lt;td&gt;Division 1&lt;/td&gt;\r\n&lt;td&gt;Division 2&lt;/td&gt;\r\n&lt;td&gt;Division 3&lt;/td&gt;\r\n&lt;/tr&gt;\r\n&lt;tr&gt;\r\n&lt;td&gt;Division 1&lt;/td&gt;\r\n&lt;td&gt;Division 2&lt;/td&gt;\r\n&lt;td&gt;Division 3&lt;/td&gt;\r\n&lt;/tr&gt;\r\n&lt;/tbody&gt;&lt;/table&gt;\r\n&lt;p&gt;&lt;br&gt;&lt;/p&gt;\r\n&lt;hr&gt;\r\n&lt;h2 id=&quot;misc&quot;&gt;Misc Stuff – abbr, acronym, pre, code, sub, sup, etc.&lt;/h2&gt;\r\n&lt;p&gt;Lorem &lt;sup&gt;superscript&lt;/sup&gt; dolor &lt;sub&gt;subscript&lt;/sub&gt; amet, consectetuer adipiscing elit. Nullam dignissim convallis est. Quisque aliquam. &lt;cite&gt;cite&lt;/cite&gt;. Nunc iaculis suscipit dui. Nam sit amet sem. Aliquam libero nisi, imperdiet at, tincidunt nec, gravida vehicula, nisl. Praesent mattis, massa quis luctus fermentum, turpis mi volutpat justo, eu volutpat enim diam eget metus. Maecenas ornare tortor. Donec sed tellus eget sapien fringilla nonummy. &lt;acronym title=&quot;National Basketball Association&quot;&gt;NBA&lt;/acronym&gt; Mauris a ante. Suspendisse quam sem, consequat at, commodo vitae, feugiat in, nunc. Morbi imperdiet augue quis tellus.  &lt;abbr title=&quot;Avenue&quot;&gt;AVE&lt;/abbr&gt;&lt;/p&gt;\r\n&lt;pre&gt;&lt;p&gt;\r\nLorem ipsum dolor sit amet,\r\n consectetuer adipiscing elit.\r\n Nullam dignissim convallis est.\r\n Quisque aliquam. Donec faucibus. \r\nNunc iaculis suscipit dui. \r\nNam sit amet sem. \r\nAliquam libero nisi, imperdiet at,\r\n tincidunt nec, gravida vehicula,\r\n nisl. \r\nPraesent mattis, massa quis \r\nluctus fermentum, turpis mi \r\nvolutpat justo, eu volutpat \r\nenim diam eget metus. \r\nMaecenas ornare tortor. \r\nDonec sed tellus eget sapien\r\n fringilla nonummy. \r\n&lt;acronym title=&quot;National Basketball Association&quot;&gt;NBA&lt;/acronym&gt; \r\nMauris a ante. Suspendisse\r\n quam sem, consequat at, \r\ncommodo vitae, feugiat in, \r\nnunc. Morbi imperdiet augue\r\n quis tellus.  \r\n&lt;abbr title=&quot;Avenue&quot;&gt;AVE&lt;/abbr&gt;&lt;/p&gt;&lt;/pre&gt;\r\n&lt;blockquote&gt;&lt;p&gt;\r\n\t“This stylesheet is going to help so freaking much.” &lt;br&gt;-Blockquote\r\n&lt;/p&gt;&lt;/blockquote&gt;\r\n&lt;p&gt;&lt;br&gt;\r\n&lt;!-- End of Sample Content --&gt;&lt;/p&gt;\r\n', 'My latest adventure', '', '', 'summer,sale,day off');
INSERT INTO `oc_bm_post_description` (`post_description_id`, `post_id`, `language_id`, `title`, `short_description`, `description`, `meta_title`, `meta_description`, `meta_keyword`, `tag`) VALUES ('120', '10', '1', 'Amazing day', 'Lorem ipsum dolor sit amet, justo aliquid reformidans ea vel, vim porro dictas et, ut elit partem invidunt vis. Saepe melius complectitur eum ea. Zril delenit vis ut. His suavitate rationibus in, tale discere ceteros eu nec. Vel ut utamur laoreet vituperata, in discere contentiones definitionem ius.', '&lt;p&gt;Lorem ipsum dolor sit amet, justo aliquid reformidans ea vel, vim porro dictas et, ut elit partem invidunt vis. Saepe melius complectitur eum ea. Zril delenit vis ut. His suavitate rationibus in, tale discere ceteros eu nec. Vel ut utamur laoreet vituperata, in discere contentiones definitionem ius.&lt;/p&gt;&lt;p&gt;Lorem Ipsum has been the industry\'s standard dummy text ever since the 1500s, when an unknown printer took a galley of type and scrambled it to make a type specimen book. It has survived not only five centuries, but also the leap into electronic typesetting, remaining essentially unchanged. It was popularised in the 1960s with the release of Letraset sheets containing Lorem Ipsum passages, and more recently with desktop publishing software like Aldus PageMaker including versions of Lorem Ipsum.&lt;/p&gt;&lt;p&gt;It is a long established fact that a reader will be distracted by the readable content of a page when looking at its layout. The point of using Lorem Ipsum is that it has a more-or-less normal distribution of letters, as opposed to using \'Content here, content here\', making it look like readable English. Many desktop publishing packages and web page editors now use Lorem Ipsum as their default model text, and a search for \'lorem ipsum\' will uncover many web sites still in their infancy. Various versions have evolved over the years, sometimes by accident, sometimes on purpose (injected humour and the like).&lt;/p&gt;&lt;p&gt;&lt;br&gt;&lt;/p&gt;', 'Amazing day', '', '', 'vocation,holiday,day off,look');
INSERT INTO `oc_bm_post_description` (`post_description_id`, `post_id`, `language_id`, `title`, `short_description`, `description`, `meta_title`, `meta_description`, `meta_keyword`, `tag`) VALUES ('121', '2', '1', 'Big sale this summer', 'Lorem ipsum dolor sit amet, justo aliquid reformidans ea vel, vim porro dictas et, ut elit partem invidunt vis. Saepe melius complectitur eum ea. Zril delenit vis ut. His suavitate rationibus in, tale discere ceteros eu nec. Vel ut utamur laoreet vituperata, in discere contentiones definitionem ius.', '&lt;p&gt;Lorem ipsum dolor sit amet, justo aliquid reformidans ea vel, vim porro dictas et, ut elit partem invidunt vis. Saepe melius complectitur eum ea. Zril delenit vis ut. His suavitate rationibus in, tale discere ceteros eu nec. Vel ut utamur laoreet vituperata, in discere contentiones definitionem ius.&lt;/p&gt;&lt;p&gt;Lorem Ipsum has been the industry\'s standard dummy text ever since the 1500s, when an unknown printer took a galley of type and scrambled it to make a type specimen book. It has survived not only five centuries, but also the leap into electronic typesetting, remaining essentially unchanged. It was popularised in the 1960s with the release of Letraset sheets containing Lorem Ipsum passages, and more recently with desktop publishing software like Aldus PageMaker including versions of Lorem Ipsum.&lt;/p&gt;&lt;p&gt;It is a long established fact that a reader will be distracted by the readable content of a page when looking at its layout. The point of using Lorem Ipsum is that it has a more-or-less normal distribution of letters, as opposed to using \'Content here, content here\', making it look like readable English. Many desktop publishing packages and web page editors now use Lorem Ipsum as their default model text, and a search for \'lorem ipsum\' will uncover many web sites still in their infancy. Various versions have evolved over the years, sometimes by accident, sometimes on purpose (injected humour and the like).&lt;/p&gt;&lt;p&gt;&lt;br&gt;&lt;/p&gt;', 'Big sale this summer', '', 'big-sale-this-summer', 'look');
INSERT INTO `oc_bm_post_description` (`post_description_id`, `post_id`, `language_id`, `title`, `short_description`, `description`, `meta_title`, `meta_description`, `meta_keyword`, `tag`) VALUES ('122', '5', '1', 'Fashion in city', 'Lorem ipsum dolor sit amet, justo aliquid reformidans ea vel, vim porro dictas et, ut elit partem invidunt vis. Saepe melius complectitur eum ea. Zril delenit vis ut. His suavitate rationibus in, tale discere ceteros eu nec. Vel ut utamur laoreet vituperata, in discere contentiones definitionem ius.',  '&lt;p&gt;Lorem ipsum dolor sit amet, justo aliquid reformidans ea vel, vim porro dictas et, ut elit partem invidunt vis. Saepe melius complectitur eum ea. Zril delenit vis ut. His suavitate rationibus in, tale discere ceteros eu nec. Vel ut utamur laoreet vituperata, in discere contentiones definitionem ius.&lt;/p&gt;&lt;p&gt;Lorem Ipsum has been the industry\'s standard dummy text ever since the 1500s, when an unknown printer took a galley of type and scrambled it to make a type specimen book. It has survived not only five centuries, but also the leap into electronic typesetting, remaining essentially unchanged. It was popularised in the 1960s with the release of Letraset sheets containing Lorem Ipsum passages, and more recently with desktop publishing software like Aldus PageMaker including versions of Lorem Ipsum.&lt;/p&gt;&lt;p&gt;It is a long established fact that a reader will be distracted by the readable content of a page when looking at its layout. The point of using Lorem Ipsum is that it has a more-or-less normal distribution of letters, as opposed to using \'Content here, content here\', making it look like readable English. Many desktop publishing packages and web page editors now use Lorem Ipsum as their default model text, and a search for \'lorem ipsum\' will uncover many web sites still in their infancy. Various versions have evolved over the years, sometimes by accident, sometimes on purpose (injected humour and the like).&lt;/p&gt;&lt;p&gt;&lt;br&gt;&lt;/p&gt;', 'Fashion in city', '', '', '\tvocation,summer,day off');
INSERT INTO `oc_bm_post_description` (`post_description_id`, `post_id`, `language_id`, `title`, `short_description`, `description`, `meta_title`, `meta_description`, `meta_keyword`, `tag`) VALUES ('123', '4', '1', 'Favorite look', 'Lorem ipsum dolor sit amet, justo aliquid reformidans ea vel, vim porro dictas et, ut elit partem invidunt vis. Saepe melius complectitur eum ea. Zril delenit vis ut. His suavitate rationibus in, tale discere ceteros eu nec. Vel ut utamur laoreet vituperata, in discere contentiones definitionem ius.', '&lt;p&gt;Lorem ipsum dolor sit amet, justo aliquid reformidans ea vel, vim porro dictas et, ut elit partem invidunt vis. Saepe melius complectitur eum ea. Zril delenit vis ut. His suavitate rationibus in, tale discere ceteros eu nec. Vel ut utamur laoreet vituperata, in discere contentiones definitionem ius.&lt;/p&gt;&lt;p&gt;Lorem Ipsum has been the industry\'s standard dummy text ever since the 1500s, when an unknown printer took a galley of type and scrambled it to make a type specimen book. It has survived not only five centuries, but also the leap into electronic typesetting, remaining essentially unchanged. It was popularised in the 1960s with the release of Letraset sheets containing Lorem Ipsum passages, and more recently with desktop publishing software like Aldus PageMaker including versions of Lorem Ipsum.&lt;/p&gt;&lt;p&gt;It is a long established fact that a reader will be distracted by the readable content of a page when looking at its layout. The point of using Lorem Ipsum is that it has a more-or-less normal distribution of letters, as opposed to using \'Content here, content here\', making it look like readable English. Many desktop publishing packages and web page editors now use Lorem Ipsum as their default model text, and a search for \'lorem ipsum\' will uncover many web sites still in their infancy. Various versions have evolved over the years, sometimes by accident, sometimes on purpose (injected humour and the like).&lt;/p&gt;&lt;p&gt;&lt;br&gt;&lt;/p&gt;', 'Favorite look', '', '', '\tphoto,day off,look');
INSERT INTO `oc_bm_post_description` (`post_description_id`, `post_id`, `language_id`, `title`, `short_description`, `description`, `meta_title`, `meta_description`, `meta_keyword`, `tag`) VALUES ('114', '8', '1', 'Favorite photo', 'Lorem ipsum dolor sit amet, justo aliquid reformidans ea vel, vim porro dictas et, ut elit partem invidunt vis. Saepe melius complectitur eum ea. Zril delenit vis ut. His suavitate rationibus in, tale discere ceteros eu nec. Vel ut utamur laoreet vituperata, in discere contentiones definitionem ius.', '&lt;p&gt;Lorem ipsum dolor sit amet, justo aliquid reformidans ea vel, vim porro dictas et, ut elit partem invidunt vis. Saepe melius complectitur eum ea. Zril delenit vis ut. His suavitate rationibus in, tale discere ceteros eu nec. Vel ut utamur laoreet vituperata, in discere contentiones definitionem ius.&lt;/p&gt;&lt;p&gt;Lorem Ipsum has been the industry\'s standard dummy text ever since the 1500s, when an unknown printer took a galley of type and scrambled it to make a type specimen book. It has survived not only five centuries, but also the leap into electronic typesetting, remaining essentially unchanged. It was popularised in the 1960s with the release of Letraset sheets containing Lorem Ipsum passages, and more recently with desktop publishing software like Aldus PageMaker including versions of Lorem Ipsum.&lt;/p&gt;&lt;p&gt;It is a long established fact that a reader will be distracted by the readable content of a page when looking at its layout. The point of using Lorem Ipsum is that it has a more-or-less normal distribution of letters, as opposed to using \'Content here, content here\', making it look like readable English. Many desktop publishing packages and web page editors now use Lorem Ipsum as their default model text, and a search for \'lorem ipsum\' will uncover many web sites still in their infancy. Various versions have evolved over the years, sometimes by accident, sometimes on purpose (injected humour and the like).&lt;/p&gt;&lt;p&gt;&lt;br&gt;&lt;/p&gt;', 'Favorite photo', '', '', 'day off,vocation,look');
INSERT INTO `oc_bm_post_description` (`post_description_id`, `post_id`, `language_id`, `title`, `short_description`, `description`, `meta_title`, `meta_description`, `meta_keyword`, `tag`) VALUES ('124', '7', '1', 'Fragments of life', 'Lorem ipsum dolor sit amet, justo aliquid reformidans ea vel, vim porro dictas et, ut elit partem invidunt vis. Saepe melius complectitur eum ea. Zril delenit vis ut. His suavitate rationibus in, tale discere ceteros eu nec. Vel ut utamur laoreet vituperata, in discere contentiones definitionem ius.', '&lt;p&gt;Lorem ipsum dolor sit amet, justo aliquid reformidans ea vel, vim porro dictas et, ut elit partem invidunt vis. Saepe melius complectitur eum ea. Zril delenit vis ut. His suavitate rationibus in, tale discere ceteros eu nec. Vel ut utamur laoreet vituperata, in discere contentiones definitionem ius.&lt;/p&gt;&lt;p&gt;Lorem Ipsum has been the industry\'s standard dummy text ever since the 1500s, when an unknown printer took a galley of type and scrambled it to make a type specimen book. It has survived not only five centuries, but also the leap into electronic typesetting, remaining essentially unchanged. It was popularised in the 1960s with the release of Letraset sheets containing Lorem Ipsum passages, and more recently with desktop publishing software like Aldus PageMaker including versions of Lorem Ipsum.&lt;/p&gt;&lt;p&gt;It is a long established fact that a reader will be distracted by the readable content of a page when looking at its layout. The point of using Lorem Ipsum is that it has a more-or-less normal distribution of letters, as opposed to using \'Content here, content here\', making it look like readable English. Many desktop publishing packages and web page editors now use Lorem Ipsum as their default model text, and a search for \'lorem ipsum\' will uncover many web sites still in their infancy. Various versions have evolved over the years, sometimes by accident, sometimes on purpose (injected humour and the like).&lt;/p&gt;&lt;p&gt;&lt;br&gt;&lt;/p&gt;', 'Fragments of life', '', '', 'look,photo');
INSERT INTO `oc_bm_post_description` (`post_description_id`, `post_id`, `language_id`, `title`, `short_description`, `description`, `meta_title`, `meta_description`, `meta_keyword`, `tag`) VALUES ('129', '6', '1', 'Photography', 'Lorem ipsum dolor sit amet, justo aliquid reformidans ea vel, vim porro dictas et, ut elit partem invidunt vis. Saepe melius complectitur eum ea. Zril delenit vis ut. His suavitate rationibus in, tale discere ceteros eu nec. Vel ut utamur laoreet vituperata, in discere contentiones definitionem ius.', '&lt;p&gt;Lorem ipsum dolor sit amet, justo aliquid reformidans ea vel, vim porro dictas et, ut elit partem invidunt vis. Saepe melius complectitur eum ea. Zril delenit vis ut. His suavitate rationibus in, tale discere ceteros eu nec. Vel ut utamur laoreet vituperata, in discere contentiones definitionem ius.&lt;/p&gt;&lt;p&gt;Lorem Ipsum has been the industry\'s standard dummy text ever since the 1500s, when an unknown printer took a galley of type and scrambled it to make a type specimen book. It has survived not only five centuries, but also the leap into electronic typesetting, remaining essentially unchanged. It was popularised in the 1960s with the release of Letraset sheets containing Lorem Ipsum passages, and more recently with desktop publishing software like Aldus PageMaker including versions of Lorem Ipsum.&lt;/p&gt;&lt;p&gt;It is a long established fact that a reader will be distracted by the readable content of a page when looking at its layout. The point of using Lorem Ipsum is that it has a more-or-less normal distribution of letters, as opposed to using \'Content here, content here\', making it look like readable English. Many desktop publishing packages and web page editors now use Lorem Ipsum as their default model text, and a search for \'lorem ipsum\' will uncover many web sites still in their infancy. Various versions have evolved over the years, sometimes by accident, sometimes on purpose (injected humour and the like).&lt;/p&gt;&lt;p&gt;&lt;br&gt;&lt;/p&gt;', 'Photography', '', '', 'shopping,dresses,look');
INSERT INTO `oc_bm_post_description` (`post_description_id`, `post_id`, `language_id`, `title`, `short_description`, `description`, `meta_title`, `meta_description`, `meta_keyword`, `tag`) VALUES ('128', '3', '1', 'Spring mood', 'Lorem ipsum dolor sit amet, justo aliquid reformidans ea vel, vim porro dictas et, ut elit partem invidunt vis. Saepe melius complectitur eum ea. Zril delenit vis ut. His suavitate rationibus in, tale discere ceteros eu nec. Vel ut utamur laoreet vituperata, in discere contentiones definitionem ius.', '&lt;p&gt;Lorem ipsum dolor sit amet, justo aliquid reformidans ea vel, vim porro dictas et, ut elit partem invidunt vis. Saepe melius complectitur eum ea. Zril delenit vis ut. His suavitate rationibus in, tale discere ceteros eu nec. Vel ut utamur laoreet vituperata, in discere contentiones definitionem ius.&lt;/p&gt;&lt;p&gt;Lorem Ipsum has been the industry\'s standard dummy text ever since the 1500s, when an unknown printer took a galley of type and scrambled it to make a type specimen book. It has survived not only five centuries, but also the leap into electronic typesetting, remaining essentially unchanged. It was popularised in the 1960s with the release of Letraset sheets containing Lorem Ipsum passages, and more recently with desktop publishing software like Aldus PageMaker including versions of Lorem Ipsum.&lt;/p&gt;&lt;p&gt;It is a long established fact that a reader will be distracted by the readable content of a page when looking at its layout. The point of using Lorem Ipsum is that it has a more-or-less normal distribution of letters, as opposed to using \'Content here, content here\', making it look like readable English. Many desktop publishing packages and web page editors now use Lorem Ipsum as their default model text, and a search for \'lorem ipsum\' will uncover many web sites still in their infancy. Various versions have evolved over the years, sometimes by accident, sometimes on purpose (injected humour and the like).&lt;/p&gt;&lt;p&gt;&lt;br&gt;&lt;/p&gt;', 'Spring mood', '', '', '\tvocation, dresses,summer');


TRUNCATE TABLE `oc_bm_post_related`;

INSERT INTO `oc_bm_post_related` (`post_id`, `post_related_id`) VALUES ('1', '3');
INSERT INTO `oc_bm_post_related` (`post_id`, `post_related_id`) VALUES ('1', '7');
INSERT INTO `oc_bm_post_related` (`post_id`, `post_related_id`) VALUES ('1', '10');
INSERT INTO `oc_bm_post_related` (`post_id`, `post_related_id`) VALUES ('2', '7');
INSERT INTO `oc_bm_post_related` (`post_id`, `post_related_id`) VALUES ('2', '9');
INSERT INTO `oc_bm_post_related` (`post_id`, `post_related_id`) VALUES ('3', '1');
INSERT INTO `oc_bm_post_related` (`post_id`, `post_related_id`) VALUES ('3', '10');
INSERT INTO `oc_bm_post_related` (`post_id`, `post_related_id`) VALUES ('4', '5');
INSERT INTO `oc_bm_post_related` (`post_id`, `post_related_id`) VALUES ('4', '7');
INSERT INTO `oc_bm_post_related` (`post_id`, `post_related_id`) VALUES ('5', '3');
INSERT INTO `oc_bm_post_related` (`post_id`, `post_related_id`) VALUES ('5', '8');
INSERT INTO `oc_bm_post_related` (`post_id`, `post_related_id`) VALUES ('6', '2');
INSERT INTO `oc_bm_post_related` (`post_id`, `post_related_id`) VALUES ('6', '9');
INSERT INTO `oc_bm_post_related` (`post_id`, `post_related_id`) VALUES ('6', '10');
INSERT INTO `oc_bm_post_related` (`post_id`, `post_related_id`) VALUES ('7', '1');
INSERT INTO `oc_bm_post_related` (`post_id`, `post_related_id`) VALUES ('7', '4');
INSERT INTO `oc_bm_post_related` (`post_id`, `post_related_id`) VALUES ('8', '4');
INSERT INTO `oc_bm_post_related` (`post_id`, `post_related_id`) VALUES ('8', '5');
INSERT INTO `oc_bm_post_related` (`post_id`, `post_related_id`) VALUES ('8', '6');
INSERT INTO `oc_bm_post_related` (`post_id`, `post_related_id`) VALUES ('9', '4');
INSERT INTO `oc_bm_post_related` (`post_id`, `post_related_id`) VALUES ('9', '5');
INSERT INTO `oc_bm_post_related` (`post_id`, `post_related_id`) VALUES ('9', '7');
INSERT INTO `oc_bm_post_related` (`post_id`, `post_related_id`) VALUES ('10', '2');
INSERT INTO `oc_bm_post_related` (`post_id`, `post_related_id`) VALUES ('10', '6');


TRUNCATE TABLE `oc_bm_post_to_category`;

INSERT INTO `oc_bm_post_to_category` (`post_id`, `category_id`) VALUES ('1', '1');
INSERT INTO `oc_bm_post_to_category` (`post_id`, `category_id`) VALUES ('2', '1');
INSERT INTO `oc_bm_post_to_category` (`post_id`, `category_id`) VALUES ('3', '1');
INSERT INTO `oc_bm_post_to_category` (`post_id`, `category_id`) VALUES ('4', '1');
INSERT INTO `oc_bm_post_to_category` (`post_id`, `category_id`) VALUES ('5', '1');
INSERT INTO `oc_bm_post_to_category` (`post_id`, `category_id`) VALUES ('6', '1');
INSERT INTO `oc_bm_post_to_category` (`post_id`, `category_id`) VALUES ('7', '1');
INSERT INTO `oc_bm_post_to_category` (`post_id`, `category_id`) VALUES ('8', '1');
INSERT INTO `oc_bm_post_to_category` (`post_id`, `category_id`) VALUES ('9', '1');
INSERT INTO `oc_bm_post_to_category` (`post_id`, `category_id`) VALUES ('10', '1');
INSERT INTO `oc_bm_post_to_category` (`post_id`, `category_id`) VALUES ('5', '2');
INSERT INTO `oc_bm_post_to_category` (`post_id`, `category_id`) VALUES ('6', '2');
INSERT INTO `oc_bm_post_to_category` (`post_id`, `category_id`) VALUES ('1', '3');
INSERT INTO `oc_bm_post_to_category` (`post_id`, `category_id`) VALUES ('2', '3');
INSERT INTO `oc_bm_post_to_category` (`post_id`, `category_id`) VALUES ('3', '3');
INSERT INTO `oc_bm_post_to_category` (`post_id`, `category_id`) VALUES ('3', '4');
INSERT INTO `oc_bm_post_to_category` (`post_id`, `category_id`) VALUES ('6', '4');
INSERT INTO `oc_bm_post_to_category` (`post_id`, `category_id`) VALUES ('8', '4');
INSERT INTO `oc_bm_post_to_category` (`post_id`, `category_id`) VALUES ('9', '5');
INSERT INTO `oc_bm_post_to_category` (`post_id`, `category_id`) VALUES ('10', '5');
INSERT INTO `oc_bm_post_to_category` (`post_id`, `category_id`) VALUES ('7', '6');
INSERT INTO `oc_bm_post_to_category` (`post_id`, `category_id`) VALUES ('3', '7');
INSERT INTO `oc_bm_post_to_category` (`post_id`, `category_id`) VALUES ('4', '7');


TRUNCATE TABLE `oc_bm_post_to_layout`;

INSERT INTO `oc_bm_post_to_layout` (`post_id`, `store_id`, `layout_id`) VALUES ('1', '0', '0');
INSERT INTO `oc_bm_post_to_layout` (`post_id`, `store_id`, `layout_id`) VALUES ('2', '0', '0');
INSERT INTO `oc_bm_post_to_layout` (`post_id`, `store_id`, `layout_id`) VALUES ('3', '0', '0');
INSERT INTO `oc_bm_post_to_layout` (`post_id`, `store_id`, `layout_id`) VALUES ('4', '0', '0');
INSERT INTO `oc_bm_post_to_layout` (`post_id`, `store_id`, `layout_id`) VALUES ('5', '0', '0');
INSERT INTO `oc_bm_post_to_layout` (`post_id`, `store_id`, `layout_id`) VALUES ('6', '0', '0');
INSERT INTO `oc_bm_post_to_layout` (`post_id`, `store_id`, `layout_id`) VALUES ('7', '0', '0');
INSERT INTO `oc_bm_post_to_layout` (`post_id`, `store_id`, `layout_id`) VALUES ('8', '0', '0');
INSERT INTO `oc_bm_post_to_layout` (`post_id`, `store_id`, `layout_id`) VALUES ('9', '0', '0');
INSERT INTO `oc_bm_post_to_layout` (`post_id`, `store_id`, `layout_id`) VALUES ('10', '0', '0');
INSERT INTO `oc_bm_post_to_layout` (`post_id`, `store_id`, `layout_id`) VALUES ('11', '0', '0');


TRUNCATE TABLE `oc_bm_post_to_product`;

INSERT INTO `oc_bm_post_to_product` (`post_id`, `product_id`) VALUES ('3', '28');
INSERT INTO `oc_bm_post_to_product` (`post_id`, `product_id`) VALUES ('5', '28');
INSERT INTO `oc_bm_post_to_product` (`post_id`, `product_id`) VALUES ('7', '28');
INSERT INTO `oc_bm_post_to_product` (`post_id`, `product_id`) VALUES ('8', '28');
INSERT INTO `oc_bm_post_to_product` (`post_id`, `product_id`) VALUES ('1', '30');
INSERT INTO `oc_bm_post_to_product` (`post_id`, `product_id`) VALUES ('2', '30');
INSERT INTO `oc_bm_post_to_product` (`post_id`, `product_id`) VALUES ('4', '30');
INSERT INTO `oc_bm_post_to_product` (`post_id`, `product_id`) VALUES ('6', '30');
INSERT INTO `oc_bm_post_to_product` (`post_id`, `product_id`) VALUES ('10', '30');
INSERT INTO `oc_bm_post_to_product` (`post_id`, `product_id`) VALUES ('1', '41');
INSERT INTO `oc_bm_post_to_product` (`post_id`, `product_id`) VALUES ('2', '41');
INSERT INTO `oc_bm_post_to_product` (`post_id`, `product_id`) VALUES ('3', '41');
INSERT INTO `oc_bm_post_to_product` (`post_id`, `product_id`) VALUES ('4', '41');
INSERT INTO `oc_bm_post_to_product` (`post_id`, `product_id`) VALUES ('6', '41');
INSERT INTO `oc_bm_post_to_product` (`post_id`, `product_id`) VALUES ('7', '41');
INSERT INTO `oc_bm_post_to_product` (`post_id`, `product_id`) VALUES ('9', '41');
INSERT INTO `oc_bm_post_to_product` (`post_id`, `product_id`) VALUES ('8', '42');
INSERT INTO `oc_bm_post_to_product` (`post_id`, `product_id`) VALUES ('9', '42');
INSERT INTO `oc_bm_post_to_product` (`post_id`, `product_id`) VALUES ('10', '42');
INSERT INTO `oc_bm_post_to_product` (`post_id`, `product_id`) VALUES ('5', '47');
INSERT INTO `oc_bm_post_to_product` (`post_id`, `product_id`) VALUES ('6', '47');
INSERT INTO `oc_bm_post_to_product` (`post_id`, `product_id`) VALUES ('7', '47');


TRUNCATE TABLE `oc_bm_post_to_store`;

INSERT INTO `oc_bm_post_to_store` (`post_id`, `store_id`) VALUES ('1', '0');
INSERT INTO `oc_bm_post_to_store` (`post_id`, `store_id`) VALUES ('2', '0');
INSERT INTO `oc_bm_post_to_store` (`post_id`, `store_id`) VALUES ('3', '0');
INSERT INTO `oc_bm_post_to_store` (`post_id`, `store_id`) VALUES ('4', '0');
INSERT INTO `oc_bm_post_to_store` (`post_id`, `store_id`) VALUES ('5', '0');
INSERT INTO `oc_bm_post_to_store` (`post_id`, `store_id`) VALUES ('6', '0');
INSERT INTO `oc_bm_post_to_store` (`post_id`, `store_id`) VALUES ('7', '0');
INSERT INTO `oc_bm_post_to_store` (`post_id`, `store_id`) VALUES ('8', '0');
INSERT INTO `oc_bm_post_to_store` (`post_id`, `store_id`) VALUES ('9', '0');
INSERT INTO `oc_bm_post_to_store` (`post_id`, `store_id`) VALUES ('10', '0');
INSERT INTO `oc_bm_post_to_store` (`post_id`, `store_id`) VALUES ('11', '0');


TRUNCATE TABLE `oc_bm_post_video`;


TRUNCATE TABLE `oc_bm_review`;

INSERT INTO `oc_bm_review` (`review_id`, `post_id`, `reply_to_review_id`, `language_id`, `customer_id`, `guest_email`, `image`, `author`, `description`, `rating`, `status`, `date_added`, `date_modified`) VALUES ('1', '1', '0', '0', '0', 'dmitriyzhuk@gmail.com', '', 'admin', 'Lorem ipsum dolor sit amet, justo aliquid reformidans ea vel, vim porro dictas et, ut elit partem invidunt vis. Saepe melius complectitur eum ea', '5', '1', '2016-04-14 14:40:46', '2016-04-27 23:02:07');
INSERT INTO `oc_bm_review` (`review_id`, `post_id`, `reply_to_review_id`, `language_id`, `customer_id`, `guest_email`, `image`, `author`, `description`, `rating`, `status`, `date_added`, `date_modified`) VALUES ('2', '1', '1', '0', '0', '', '', 'admin', 'Lorem ipsum dolor sit amet, justo aliquid reformidans ea vel, vim porro dictas et, ut elit partem invidunt vis. Saepe melius complectitur eum ea', '5', '1', '2016-04-22 09:08:10', '2016-04-27 23:02:03');
INSERT INTO `oc_bm_review` (`review_id`, `post_id`, `reply_to_review_id`, `language_id`, `customer_id`, `guest_email`, `image`, `author`, `description`, `rating`, `status`, `date_added`, `date_modified`) VALUES ('3', '1', '0', '0', '0', 'dmitriyzhuk2@gmail.com', '', 'admin', 'Lorem ipsum dolor sit amet, justo aliquid reformidans ea vel, vim porro dictas et, ut elit partem invidunt vis. Saepe melius complectitur eum ea', '5', '1', '2016-04-22 09:08:42', '2016-04-27 23:01:59');
INSERT INTO `oc_bm_review` (`review_id`, `post_id`, `reply_to_review_id`, `language_id`, `customer_id`, `guest_email`, `image`, `author`, `description`, `rating`, `status`, `date_added`, `date_modified`) VALUES ('4', '10', '0', '0', '0', 'dmitriyzhuk@gmail.com', '', 'Dmitriy Zhuk', 'Lorem ipsum dolor sit amet, justo aliquid reformidans ea vel, vim porro dictas et, ut elit partem invidunt vis. Saepe melius complectitur eum ea', '4', '1', '2016-04-24 22:37:11', '2016-04-27 23:01:34');
INSERT INTO `oc_bm_review` (`review_id`, `post_id`, `reply_to_review_id`, `language_id`, `customer_id`, `guest_email`, `image`, `author`, `description`, `rating`, `status`, `date_added`, `date_modified`) VALUES ('5', '10', '4', '0', '0', '', 'catalog/logo.png', 'admin', 'Lorem ipsum dolor sit amet, justo aliquid reformidans ea vel, vim porro dictas et, ut elit partem invidunt vis. Saepe melius complectitur eum ea', '5', '1', '2016-04-24 23:34:22', '2016-04-27 23:01:39');
INSERT INTO `oc_bm_review` (`review_id`, `post_id`, `reply_to_review_id`, `language_id`, `customer_id`, `guest_email`, `image`, `author`, `description`, `rating`, `status`, `date_added`, `date_modified`) VALUES ('6', '9', '0', '0', '0', '', 'catalog/logo.png', 'admin', 'Lorem ipsum dolor sit amet, justo aliquid reformidans ea vel, vim porro dictas et, ut elit partem invidunt vis. Saepe melius complectitur eum ea', '4', '1', '2016-04-27 01:04:57', '2016-04-27 23:01:43');
INSERT INTO `oc_bm_review` (`review_id`, `post_id`, `reply_to_review_id`, `language_id`, `customer_id`, `guest_email`, `image`, `author`, `description`, `rating`, `status`, `date_added`, `date_modified`) VALUES ('7', '10', '5', '0', '0', '', 'catalog/logo.png', 'admin', 'Lorem ipsum dolor sit amet, justo aliquid reformidans ea vel, vim porro dictas et, ut elit partem invidunt vis. Saepe melius complectitur eum ea', '5', '1', '2016-04-27 02:38:21', '2016-04-27 23:01:48');
INSERT INTO `oc_bm_review` (`review_id`, `post_id`, `reply_to_review_id`, `language_id`, `customer_id`, `guest_email`, `image`, `author`, `description`, `rating`, `status`, `date_added`, `date_modified`) VALUES ('8', '10', '0', '0', '0', 'dmitriyzhuk@gmail.com', '', 'Antony', 'Aliquip veniam delectus, Marfa eiusmod Pinterest in do umami readymade swag. Selfies iPhone Kickstarter, drinking vinegar jean shorts fixie consequat flexitarian four loko.', '4', '1', '2016-04-27 02:48:57', '2016-04-27 23:01:53');


TRUNCATE TABLE `oc_bm_review_to_image`;
